{"id":1827,"date":"2020-02-02T12:00:01","date_gmt":"2020-02-02T11:00:01","guid":{"rendered":"https:\/\/takatoa.net\/wp\/home\/lab-2\/"},"modified":"2025-07-05T15:40:25","modified_gmt":"2025-07-05T13:40:25","slug":"grundlagen","status":"publish","type":"page","link":"https:\/\/takatoa.net\/qai\/home\/grundlagen\/","title":{"rendered":"grundlagen"},"content":{"rendered":"<div  data-label=\"Content\" data-id=\"content-image-left\" data-category=\"content\" class=\"content-left-image-section content-image-left\" id=\"content-3\" style=\"background-color: rgb(255, 255, 255); background-image: none;\" data-ovid=\"ovid-content-3-644\"> <div  class=\"gridContainer\"> <div  class=\"row\"> <div  class=\"content-left-image-imgcol\" data-type=\"column\"> <img  decoding=\"async\" src=\"https:\/\/takatoa.net\/qai\/wp-content\/uploads\/2020\/01\/2018-05-01_dotnetpro_Vigenschow_moving-tagets.png\" class=\"\" alt=\"\"> <h6  class=\"\">Quelle: Uwe Vigenschow | dotnetpro 05\/2018<\/h6><\/div> <div  class=\"content-left-image-textcol dynamic-color\" data-type=\"column\"> <h2  class=\"\"><span  style=\"font-weight: 600;\">moving targets<\/span><\/h2>   <p  class=\"\">Gleichzeitig mit der schrittweise Ann\u00e4herung an die L\u00f6sung \/ das Ziel w\u00e4hrend des Projektverlaufs ver\u00e4ndert sich auch die L\u00f6sung \/ das Ziel selbst. Der verf\u00fcgbare Spielraum wird durch die vorweg getroffenen Entscheidungen zwar immer mehr reduziert. Gleichzeitig bewegt sich das Ziel selbst aber kontinuierlich weiter.<\/p><\/div> <\/div> <\/div> <\/div><div  data-label=\"About us\" data-id=\"about-image-section-pro-1\" data-category=\"about\" class=\"about-image-section-pro about-image-section-pro-1\" id=\"about-us-1\" style=\"background-color: rgb(255, 255, 255); background-image: none;\" data-ovid=\"ovid-about-us-1-809\"> <div  class=\"\"> <div  class=\"row about-image-gridcol-pro\"> <div  class=\"about-image-textcol-pro\" data-type=\"column\"><div class=\"spacer\" data-type=\"group\" ><span class=\"fa before\" ><\/span><i class=\"fa fa-ellipsis-h color7\" ><\/i><span class=\"fa after\" ><\/span><\/div>   <\/div> <div  data-type=\"column\" class=\"\">  <\/div> <\/div> <\/div> <\/div><div  data-label=\"Content\" data-id=\"content-image-right\" data-category=\"content\" class=\"content-right-image-section content-image-right\" id=\"content-4\" style=\"background-color: rgb(255, 255, 255); background-image: none;\" data-ovid=\"ovid-content-4-854\"> <div  class=\"gridContainer\"> <div  class=\"content-right-image-gridcol\"> <div  class=\"content-right-image-textcol dynamic-color\" data-type=\"column\"> <h2  class=\"\"><span  style=\"font-weight: 600;\">Logistische Funktion<\/span><\/h2> <p  class=\"large_text\"><span  style=\"font-style: italic;\"><span  style=\"font-weight: 600;\"><br >\u201eNichts kann in einer endlichen Welt unendlich werden.\u201c<\/span> (Manfred Eigen) \n<br ><\/span><\/p>  <p  class=\"\">Exponentielle Wachstumsprozesse werden immer durch Mangel begrenzt und es kommt zu nicht vorhersehbaren Diskontinuit\u00e4ten. Dann geht das exponentielle Wachstum h\u00e4ufig in eine logistische Kurve \u00fcber. Dabei ist es egal, ob es sich um das Wachstum der Weltbev\u00f6lkerung, Bakterienpopulationen oder Ebola-Kranke handelt. Die logistische Kurve hat einen S-f\u00f6rmigen Verlauf und wird durch folgende Funktion beschrieben:<\/p><img  decoding=\"async\" class=\"custom-image\" src=\"https:\/\/takatoa.net\/qai\/wp-content\/uploads\/2020\/05\/2020-05-03_anorg-chemie_blogspot_com_logistische-Funktion..gif\" alt=\"Logistische Funktion - Formel\"><h6  class=\"\">&nbsp; &nbsp;&nbsp;<\/h6><a class=\"button color7\" href=\"https:\/\/de.wikipedia.org\/wiki\/Logistische_Funktion\" target=\"_blank\" rel=\"noopener noreferrer\"><span  class=\"button-icon fa fa-arrow-circle-right\"><\/span> Weitere Infos <\/a><\/div> <div  class=\"content-right-image-imgcol\" data-type=\"column\"> <img  decoding=\"async\" src=\"https:\/\/takatoa.net\/qai\/wp-content\/uploads\/2020\/05\/2020-05-03_anorg-chemie_blogspot_com_logistische-Kurve-2.png\" class=\"\" alt=\"Logistische Funktion\"> <h6  class=\"\">Quelle: http:\/\/anorg-chemie.blogspot.com\/2016\/04\/<\/h6><img  decoding=\"async\" class=\"custom-image\" src=\"https:\/\/takatoa.net\/qai\/wp-content\/uploads\/2020\/05\/2020-05-03_deacademic-com_logistische-Funktion-plus.png\" alt=\"Logistische Funktion\"><h6  class=\"\">Quelle: https:\/\/deacademic.com\/pictures\/dewiki\/76\/LogistischeFunktionPlus.png<\/h6><\/div> <\/div> <\/div> <\/div><div  data-label=\"About us\" data-id=\"about-image-section-pro\" data-category=\"about\" class=\"about-image-section-pro\" id=\"about-us-2\" style=\"background-color: rgb(255, 255, 255); background-image: none;\" data-ovid=\"ovid-about-us-2-4378\"> <div  class=\"gridContainer\"> <div  class=\"row about-image-gridcol-pro\"> <div  class=\"about-image-textcol-pro\" data-type=\"column\">   <div  class=\"spacer\" data-type=\"group\"><span  class=\"fa before\"><\/span><i  class=\"fa fa-ellipsis-h color7\"><\/i><span  class=\"fa after\"><\/span><\/div><\/div> <div  data-type=\"column\" class=\"\">  <\/div> <\/div> <\/div> <\/div><div  data-label=\"Content\" data-id=\"content-image-left-1\" data-category=\"content\" class=\"content-left-image-section content-image-left-1 content-relative\" id=\"content-1\" style=\"background-color: rgb(255, 255, 255); background-image: none;\" data-ovid=\"ovid-content-1-846\"> <div  class=\"gridContainer\"> <div  class=\"row\"> <div  class=\"content-left-image-imgcol\" data-type=\"column\"> <img  decoding=\"async\" src=\"https:\/\/takatoa.net\/qai\/wp-content\/uploads\/2020\/05\/2020-05-03_aisoma-de_KI-Abstufung.jpg\" class=\"\" alt=\"Abstufung KI\"> <h6  class=\"\">Quelle: https:\/\/www.aisoma.de\/wp-content\/uploads\/2019\/02\/KI_Abstufungen.jpg<\/h6><\/div> <div  class=\"content-left-image-textcol dynamic-color\" data-type=\"column\"> <h2  class=\"\"><span  style=\"font-weight: 600;\">K\u00fcnstliche Intelligenz<\/span><\/h2>   <p  class=\"\">K\u00fcnstliche Intelligenz (KI) \u2013 engl.: \u201eArtificial Intelligence\u201c (AI) \u2013 ist ein Teilgebiet der Informatik, das den Mechanismus des intelligenten menschlichen Verhaltens modelliert. Dieser Ansatz wird durch Simulation mit Hilfe von k\u00fcnstlichen Artefakten erreicht, typischerweise mit Computerprogrammen auf einer Maschine, die Berechnungen durchf\u00fchrt. Es ist zu beachten, dass die Maschine keine elektronische Maschine sein muss.<\/p><\/div> <\/div> <\/div> <\/div><div  data-label=\"About us\" data-id=\"about-image-section-pro-4\" data-category=\"about\" class=\"about-image-section-pro about-image-section-pro-4\" id=\"about-us-4\" style=\"background-color: rgb(255, 255, 255); background-image: none;\" data-ovid=\"ovid-about-us-4-127\"> <div  class=\"\"> <div  class=\"row about-image-gridcol-pro\"> <div  class=\"about-image-textcol-pro\" data-type=\"column\">  <div  class=\"spacer\" data-type=\"group\"><span  class=\"fa before\"><\/span><i  class=\"fa fa-ellipsis-h color7\"><\/i><span  class=\"fa after\"><\/span><\/div><p  class=\"\"><span  style=\"font-weight: 600;\">\n<br >artificial: made by people, often as a copy of something natural<\/span>\n<br >aus: Cambridge Dictionary\n<br >&nbsp;&nbsp; <\/p><div  class=\"spacer\" data-type=\"group\"><span  class=\"fa before\"><\/span><i  class=\"fa fa-ellipsis-h color7\"><\/i><span  class=\"fa after\"><\/span><\/div><p  class=\"\">\n<br >Der Begriff \u201eK\u00fcnstliche Intelligenz\u201c selbst wurde von dem amerikanischen Informatiker John McCarthy erfunden und im Titel einer Konferenz verwendet, die im Jahr 1956 am Dartmonth College in Hanover, New Hampshire, USA stattfand. Sie gilt seither als die Geburtsstunde der K\u00fcnstlichen Intelligenz als akademisches Fachgebiet. \n<br ><br >Das <span  style=\"font-weight: 600;\">Dartmouth Summer Research Project on Artificial Intelligence<\/span> war ein Forschungsprojekt, stand unter der Leitung von John McCarthy, Marvin Minsky, Nathaniel Rochester und Claude Shannon.<\/p><a class=\"button color7\" href=\"http:\/\/sitn.hms.harvard.edu\/flash\/2017\/history-artificial-intelligence\" target=\"_blank\" rel=\"noopener noreferrer\"><span  class=\"button-icon fa fa-arrow-circle-right\"><\/span>Weitere Infos<\/a><p  class=\"\">&nbsp;&nbsp;&nbsp;&nbsp; <\/p><div  class=\"spacer\" data-type=\"group\"><span  class=\"fa before\"><\/span><i  class=\"fa fa-ellipsis-h color7\"><\/i><span  class=\"fa after\"><\/span><\/div><p  class=\"\">\n\n<br >Eine allgemeing\u00fcltige bzw. von allen Akteuren konsistent genutzte Definition von KI gibt es bis heute nicht. Allgemein anerkannt ist, dass sich KI-Forschung zwei Feldern zuordnen l\u00e4sst: der \u201eschwachen\u201c und der \u201estarken\u201c KI. Die \u201estarke\u201c KI formuliert, dass KI-Systeme die gleichen intellektuellen Fertigkeiten wie der Mensch haben oder ihn darin sogar \u00fcbertreffen k\u00f6nnen. Die \u201eschwache\u201c KI ist fokussiert auf die L\u00f6sung konkreter Anwendungsprobleme auf Basis der Methoden aus der Mathematik und Informatik, wobei die entwickelten Systeme zur Selbstoptimierung f\u00e4hig sind. Dazu werden auch Aspekte menschlicher Intelligenz nachgebildet und formal beschrieben bzw. Systeme zur Simulation und Unterst\u00fctzung menschlichen Denkens konstruiert.<\/p><p  class=\"\">Durch den Einsatz von Metzhoden der KI k\u00f6nnen neue und wesentlich effektivere Wege der Datenanalyse als bisher entwickelt werden. Die Ableitung komplexer Korrelationen aus verschiedenen Eingabeparametern kann zu neuen Prognosem\u00f6glichkeiten, Genauigkeiten und Erkenntnissen f\u00fchren. Der gewohnte Blick auf umfangreiches, raum-zeitabh\u00e4ngiges Datenmaterial wird direkt in das Informationssystem verlagert und damit f\u00fcr die eigentliche Fragestellung in ihrem technischen und raum-zeitlichen Kontext ge\u00f6ffnet.<\/p><p  class=\"\">&nbsp;&nbsp; <\/p> <div  class=\"spacer\" data-type=\"group\"><span  class=\"fa before\"><\/span><i  class=\"fa fa-ellipsis-h color7\"><\/i><span  class=\"fa after\"><\/span><\/div><\/div> <div  data-type=\"column\" class=\"\">  <\/div> <\/div> <\/div> <\/div><div  data-label=\"Content\" data-id=\"content-image-right-5\" data-category=\"content\" class=\"content-right-image-section content-image-right-5\" id=\"content-5\" style=\"background-color: rgb(255, 255, 255); background-image: none;\" data-ovid=\"ovid-content-5-160\"> <div  class=\"gridContainer\"> <div  class=\"content-right-image-gridcol\"> <div  class=\"content-right-image-textcol dynamic-color\" data-type=\"column\"> <h2  class=\"\"><span  style=\"font-weight: 600;\">Quantum Computing<\/span><\/h2>  <p  class=\"\">Quantencomputer nutzen die Gesetze der Quantenmechanik um die technologischen Grenzen klassischer Berechnungsmethoden zu entgehen<\/p><a class=\"button color7\" href=\"https:\/\/www.nature.com\/articles\/s41467-020-14454-2\" target=\"_blank\" rel=\"noopener noreferrer\"><span  class=\"button-icon fa fa-arrow-circle-right\"><\/span> Weitere Infos <\/a> <\/div> <div  class=\"content-right-image-imgcol\" data-type=\"column\"> <p  class=\"\"><\/p><img  decoding=\"async\" src=\"https:\/\/takatoa.net\/qai\/wp-content\/uploads\/2020\/06\/2020-06-27_Qubit-Programmierung.png\" class=\"\" alt=\"\"> <h6  class=\"\">Quelle: https:\/\/www.ibm.com\/quantum-computing\/<\/h6><\/div> <\/div> <\/div> <\/div><div  data-label=\"About us\" data-id=\"about-image-section-pro-5\" data-category=\"about\" class=\"about-image-section-pro about-image-section-pro-5\" id=\"about-us-5\" style=\"background-color: rgb(255, 255, 255); background-image: none;\" data-ovid=\"ovid-about-us-5-3221\"> <div  class=\"\"> <div  class=\"row about-image-gridcol-pro\"> <div  class=\"about-image-textcol-pro\" data-type=\"column\">  <p  class=\"\">Um Machine Learning auf verf\u00fcgbaren Quantenprozessoren umzusetzen,&nbsp; m\u00fcss&nbsp;diese&nbsp;<span  style=\"font-family: &quot;Source Sans Pro&quot;, Helvetica, Arial, sans-serif; font-size: 24px;\">L\u00f6sungen&nbsp;<\/span>sowohl einen Quanten- als auch einen<br >\nklassischen Prozessor in Verbindung zu setzen, wobei nur eine minimale Anzahl von&nbsp;Operationen auf dem Quantenprozessor realisiert wird. In diesem hybriden Framework&nbsp;besteht die Verwendung des Quantenprozessors darin, einen bestimmten&nbsp;Quantenzustand vorzubereiten, der durch einen Satz von Variationsparametern&nbsp;parametriert wird. Man extrahiert dann aus diesem Zustand eine Sch\u00e4tzung der&nbsp;objektiven Funktion durch wiederholte Messungen.<\/p> <a class=\"button color7\" href=\"https:\/\/medium.com\/quantonation\/qml-625e37f5548f\" target=\"_blank\" rel=\"noopener noreferrer\"><span  class=\"button-icon fa fa-arrow-circle-right\"><\/span>Weitere Infos<\/a><\/div> <div  data-type=\"column\" class=\"\">  <\/div> <\/div> <\/div> <\/div>","protected":false},"excerpt":{"rendered":"<p>Quelle: Uwe Vigenschow | dotnetpro 05\/2018 moving targets Gleichzeitig mit der schrittweise Ann\u00e4herung an die L\u00f6sung \/ das Ziel w\u00e4hrend des Projektverlaufs ver\u00e4ndert sich auch die L\u00f6sung \/ das Ziel selbst. Der verf\u00fcgbare Spielraum wird durch die vorweg getroffenen Entscheidungen zwar immer mehr reduziert. Gleichzeitig bewegt sich das Ziel selbst aber kontinuierlich weiter. Logistische Funktion&hellip; <br \/> <a class=\"button small blue\" href=\"https:\/\/takatoa.net\/qai\/home\/grundlagen\/\">Weiterlesen<\/a><\/p>\n","protected":false},"author":1,"featured_media":0,"parent":37,"menu_order":0,"comment_status":"closed","ping_status":"closed","template":"","meta":{"footnotes":""},"class_list":["post-1827","page","type-page","status-publish","hentry"],"_links":{"self":[{"href":"https:\/\/takatoa.net\/qai\/wp-json\/wp\/v2\/pages\/1827","targetHints":{"allow":["GET"]}}],"collection":[{"href":"https:\/\/takatoa.net\/qai\/wp-json\/wp\/v2\/pages"}],"about":[{"href":"https:\/\/takatoa.net\/qai\/wp-json\/wp\/v2\/types\/page"}],"author":[{"embeddable":true,"href":"https:\/\/takatoa.net\/qai\/wp-json\/wp\/v2\/users\/1"}],"replies":[{"embeddable":true,"href":"https:\/\/takatoa.net\/qai\/wp-json\/wp\/v2\/comments?post=1827"}],"version-history":[{"count":33,"href":"https:\/\/takatoa.net\/qai\/wp-json\/wp\/v2\/pages\/1827\/revisions"}],"predecessor-version":[{"id":4492,"href":"https:\/\/takatoa.net\/qai\/wp-json\/wp\/v2\/pages\/1827\/revisions\/4492"}],"up":[{"embeddable":true,"href":"https:\/\/takatoa.net\/qai\/wp-json\/wp\/v2\/pages\/37"}],"wp:attachment":[{"href":"https:\/\/takatoa.net\/qai\/wp-json\/wp\/v2\/media?parent=1827"}],"curies":[{"name":"wp","href":"https:\/\/api.w.org\/{rel}","templated":true}]}}