{"id":1769,"date":"2020-02-02T12:00:01","date_gmt":"2020-02-02T11:00:01","guid":{"rendered":"https:\/\/takatoa.net\/wp\/home\/lab-2\/"},"modified":"2025-08-26T11:38:31","modified_gmt":"2025-08-26T09:38:31","slug":"coding-tools","status":"publish","type":"page","link":"https:\/\/takatoa.net\/qai\/home\/coding-tools\/","title":{"rendered":"werkzeuge"},"content":{"rendered":"<div  data-label=\"About us\" data-id=\"about-image-section-pro\" data-category=\"about\" class=\"about-image-section-pro\" id=\"about-us-2\" style=\"background-color: rgb(255, 255, 255); background-image: none;\" data-ovid=\"ovid-about-us-2-117\"> <div  class=\"gridContainer\"> <div  class=\"row about-image-gridcol-pro\"> <div  class=\"about-image-textcol-pro\" data-type=\"column\">   <\/div> <div  data-type=\"column\" class=\"\">  <\/div> <\/div> <\/div> <\/div><div  data-label=\"Overlapable\" data-id=\"stripped-features-image-cards-section\" data-category=\"overlapable\" data-=\"\" class=\"features-image-cards-section stripped-features-image-cards-section\" data-overlap=\"true\" id=\"overlapable-3\" style=\"background-color: rgb(255, 255, 255); background-image: none;\" data-ovid=\"ovid-overlapable-3-135\"> <div  class=\"gridContainer\"> <div  class=\"features-image-cards-innerrow flexbox-list\" data-type=\"row\">   <div  class=\"features-image-cards-cardcol cp6cols-tablet cp4cols\"> <div  class=\"features-image-cards-cardrow\"><img  decoding=\"async\" class=\"features-image-cards-featimg\" src=\"https:\/\/takatoa.net\/qai\/wp-content\/uploads\/2021\/05\/2021-05-13_Qiskit.png\" alt=\"\"> <div  class=\"features-image-cards-cardtextrow\" data-type=\"column\"> <h4  class=\"\">Qiskit<\/h4> <p  class=\"\">Qiskit liefert als&nbsp;<span  style=\"font-family: &quot;Source Sans Pro&quot;, Helvetica, Arial, sans-serif; font-size: 24px;\">Open-Source-SDK&nbsp;<\/span>die Basis\u00adsoftware zur Entwicklung von Anwendungen im Bereich des&nbsp;<span  style=\"font-family: &quot;Source Sans Pro&quot;, Helvetica, Arial, sans-serif; font-size: 24px;\">Quanten<\/span>\u00ad<span  style=\"font-family: &quot;Source Sans Pro&quot;, Helvetica, Arial, sans-serif; font-size: 24px;\">computings<\/span>.&nbsp;<br >Qiskit wurde von IBM Research&nbsp;<span  style=\"font-family: &quot;Source Sans Pro&quot;, Helvetica, Arial, sans-serif; font-size: 24px;\">urspr\u00fcnglich f\u00fcr&nbsp;<\/span>die eigene Hardware entwickelt.<\/p> <hr  class=\"features-image-cards-separator\"> <a  class=\"button color7\" href=\"https:\/\/qiskit.org\" target=\"_blank\" data-icon=\"fa-arrow-circle-right\" rel=\"noopener noreferrer\"><span  class=\"button-icon fa fa-arrow-circle-right\"><\/span>weitere Infos<\/a><\/div> <\/div> <\/div><div  class=\"features-image-cards-cardcol cp6cols-tablet cp4cols\"> <div  class=\"features-image-cards-cardrow\"><img  decoding=\"async\" class=\"features-image-cards-featimg\" src=\"https:\/\/takatoa.net\/qai\/wp-content\/uploads\/2019\/12\/2019-11-27_Python.png\" alt=\"Python\"> <div  class=\"features-image-cards-cardtextrow\" data-type=\"column\"> <h4  class=\"\">Python<\/h4> <p  class=\"\">Python ist eine univer\u00adselle, \u00fcblicherweise interpretierte, h\u00f6here Programmiersprache, die&nbsp;objektorientierte, aspekt\u00ad\u00adorientierte und funktionale Programmierung&nbsp; <span  style=\"font-family: &quot;Source Sans Pro&quot;, Helvetica, Arial, sans-serif; font-size: 24px;\">unterst\u00fctzt.&nbsp;<\/span><\/p> <hr  class=\"features-image-cards-separator\"> <a  class=\"button color7\" href=\"https:\/\/python.org\" target=\"_blank\" data-icon=\"fa-arrow-circle-right\" rel=\"noopener noreferrer\"><span  class=\"button-icon fa fa-arrow-circle-right\"><\/span>weitere Infos<\/a><\/div> <\/div> <\/div><div  class=\"features-image-cards-cardcol cp6cols-tablet cp4cols\"> <div  class=\"features-image-cards-cardrow\"><img  decoding=\"async\" class=\"features-image-cards-featimg\" src=\"https:\/\/takatoa.net\/qai\/wp-content\/uploads\/2025\/03\/2025-03-26_PyTorch.png\" alt=\"\"> <div  class=\"features-image-cards-cardtextrow\" data-type=\"column\"> <h4  class=\"\">PyTorch<\/h4> <p  class=\"\">PyTorch ist ein Python-Paket, das zwei High-Level-Schwerpunkte bietet. Zum einen Tensor-Berech\u00adnungen (wie NumPy) mit starker GPU-Beschleunigung, zum anderen die Verarbeitung tiefer neuronaler Netze.<\/p> <hr  class=\"features-image-cards-separator\"> <a  class=\"button color7\" href=\"https:\/\/pytorch.org\" target=\"_blank\" data-icon=\"fa-arrow-circle-right\" rel=\"noopener noreferrer\"><span  class=\"button-icon fa fa-arrow-circle-right\"><\/span>weitere Infos<\/a><\/div> <\/div> <\/div><div  class=\"features-image-cards-cardcol cp6cols-tablet cp4cols\"> <div  class=\"features-image-cards-cardrow\"><img  decoding=\"async\" class=\"features-image-cards-featimg\" src=\"https:\/\/takatoa.net\/qai\/wp-content\/uploads\/2025\/08\/2025-08-26_TorchGEO.png\" alt=\"\"> <div  class=\"features-image-cards-cardtextrow\" data-type=\"column\"> <h4  class=\"\">TorchGEO<\/h4> <p  class=\"\">TorchGeo ist eine Bibliothek, die Datens\u00e4tze, Sampler, Trans\u00adforma\u00adtionen und vortrainierte Modelle bereitstellt,&nbsp;um die Arbeit&nbsp;<span style=\"font-family: &quot;Source Sans Pro&quot;, Helvetica, Arial, sans-serif; font-size: 24px;\" >mit Geodaten&nbsp;<\/span>f\u00fcr Machine-Learning-Experten und&nbsp;die Erforschung von Machine-Learning-L\u00f6sungen&nbsp;<span style=\"font-family: &quot;Source Sans Pro&quot;, Helvetica, Arial, sans-serif; font-size: 24px;\" ><span style=\"font-family: &quot;Source Sans Pro&quot;, Helvetica, Arial, sans-serif; font-size: 24px;\" >f\u00fcr Fern\u00aderkun\u00addungs\u00ad\u00adexperten&nbsp;<\/span>zu ver\u00adeinfachen.<\/span><\/p> <hr  class=\"features-image-cards-separator\"> <a  class=\"button color7\" href=\"https:\/\/www.osgeo.org\/projects\/torchgeo\" target=\"_blank\" data-icon=\"fa-arrow-circle-right\" rel=\"noopener noreferrer\"><span class=\"button-icon fa fa-arrow-circle-right\" ><\/span>weitere Infos<\/a><\/div> <\/div> <\/div><div  class=\"features-image-cards-cardcol cp6cols-tablet cp4cols\"> <div  class=\"features-image-cards-cardrow\"><img  decoding=\"async\" class=\"features-image-cards-featimg\" src=\"https:\/\/takatoa.net\/qai\/wp-content\/uploads\/2025\/03\/2025-03-26_QGIS.png\" alt=\"\"> <div  class=\"features-image-cards-cardtextrow\" data-type=\"column\"> <h4  class=\"\">QGIS<\/h4> <p  class=\"\">QGIS ist eine freie GIS-L\u00f6sung (Geo\u00adinforma\u00adtions\u00adsystem\u00adsoftware) zum Erfassen, Bearbeiten, Analysieren und Darstellen r\u00e4umlicher Daten. QGIS-Projekte k\u00f6nnen \u00fcber den QGIS-Server im Internet ver\u00f6ffentlicht werden.<\/p> <hr  class=\"features-image-cards-separator\"> <a  class=\"button color7\" href=\"https:\/\/qgis.org\" target=\"_blank\" data-icon=\"fa-arrow-circle-right\" rel=\"noopener noreferrer\"><span  class=\"button-icon fa fa-arrow-circle-right\"><\/span>weitere Infos<\/a><\/div> <\/div> <\/div><div  class=\"features-image-cards-cardcol cp6cols-tablet cp4cols\"> <div  class=\"features-image-cards-cardrow\"><img  decoding=\"async\" class=\"features-image-cards-featimg\" src=\"https:\/\/takatoa.net\/qai\/wp-content\/uploads\/2021\/05\/2021-05-13_PyQGIS-Developer.png\" alt=\"\"> <div  class=\"features-image-cards-cardtextrow\" data-type=\"column\"> <h4  class=\"\">PyQGIS<\/h4> <p  class=\"\">PyQGIS ist die&nbsp;<span  style=\"font-family: &quot;Source Sans Pro&quot;, Helvetica, Arial, sans-serif; font-size: 24px;\">platt\u00adform\u00ad\u00fcber\u00adgreifende&nbsp;und quelloffene&nbsp;<\/span>API zur&nbsp; Erstellung von Anwen\u00addungen im Umfeld von QGIS.&nbsp;<br >Sie erm\u00f6glicht r\u00e4umliche Informa\u00adtionen&nbsp;<span  style=\"font-family: &quot;Source Sans Pro&quot;, Helvetica, Arial, sans-serif; font-size: 24px;\">zu be\u00adar\u00adbeiten&nbsp;<\/span><span  style=\"font-family: &quot;Source Sans Pro&quot;, Helvetica, Arial, sans-serif; font-size: 24px;\">und&nbsp;<\/span>zu analysieren.&nbsp;&nbsp;<\/p> <hr  class=\"features-image-cards-separator\"> <a  class=\"button color7\" href=\"https:\/\/qgis.org\/pyqgis\/master\" target=\"_blank\" data-icon=\"fa-arrow-circle-right\" rel=\"noopener noreferrer\"><span  class=\"button-icon fa fa-arrow-circle-right\"><\/span>weitere Infos<\/a><\/div> <\/div> <\/div> <\/div> <\/div><\/div>","protected":false},"excerpt":{"rendered":"<p>Qiskit Qiskit liefert als&nbsp;Open-Source-SDK&nbsp;die Basis\u00adsoftware zur Entwicklung von Anwendungen im Bereich des&nbsp;Quanten\u00adcomputings.&nbsp;Qiskit wurde von IBM Research&nbsp;urspr\u00fcnglich f\u00fcr&nbsp;die eigene Hardware entwickelt. weitere Infos Python Python ist eine univer\u00adselle, \u00fcblicherweise interpretierte, h\u00f6here Programmiersprache, die&nbsp;objektorientierte, aspekt\u00ad\u00adorientierte und funktionale Programmierung&nbsp; unterst\u00fctzt.&nbsp; weitere Infos PyTorch PyTorch ist ein Python-Paket, das zwei High-Level-Schwerpunkte bietet. Zum einen Tensor-Berech\u00adnungen (wie NumPy) mit starker&hellip; <br \/> <a class=\"button small blue\" href=\"https:\/\/takatoa.net\/qai\/home\/coding-tools\/\">Weiterlesen<\/a><\/p>\n","protected":false},"author":1,"featured_media":0,"parent":37,"menu_order":0,"comment_status":"closed","ping_status":"closed","template":"","meta":{"footnotes":""},"class_list":["post-1769","page","type-page","status-publish","hentry"],"_links":{"self":[{"href":"https:\/\/takatoa.net\/qai\/wp-json\/wp\/v2\/pages\/1769","targetHints":{"allow":["GET"]}}],"collection":[{"href":"https:\/\/takatoa.net\/qai\/wp-json\/wp\/v2\/pages"}],"about":[{"href":"https:\/\/takatoa.net\/qai\/wp-json\/wp\/v2\/types\/page"}],"author":[{"embeddable":true,"href":"https:\/\/takatoa.net\/qai\/wp-json\/wp\/v2\/users\/1"}],"replies":[{"embeddable":true,"href":"https:\/\/takatoa.net\/qai\/wp-json\/wp\/v2\/comments?post=1769"}],"version-history":[{"count":37,"href":"https:\/\/takatoa.net\/qai\/wp-json\/wp\/v2\/pages\/1769\/revisions"}],"predecessor-version":[{"id":4520,"href":"https:\/\/takatoa.net\/qai\/wp-json\/wp\/v2\/pages\/1769\/revisions\/4520"}],"up":[{"embeddable":true,"href":"https:\/\/takatoa.net\/qai\/wp-json\/wp\/v2\/pages\/37"}],"wp:attachment":[{"href":"https:\/\/takatoa.net\/qai\/wp-json\/wp\/v2\/media?parent=1769"}],"curies":[{"name":"wp","href":"https:\/\/api.w.org\/{rel}","templated":true}]}}